 the value of -36 + (158 - 52) - (-1 + 2 + (-8 - -8))?
69
What is 1503 + -1507 - (2 - -33)?
-39
What is the value of 15 + 8 + (-4 - 10) + 83 + 4 + -18?
78
-22 + (29 - (-129 + 256))
-120
What is the value of (7 - 6) + -64 + (4 - (-13 + 23)) + 12?
-57
What is the value of 63 + -1 - (-1593 + 1652)?
3
18 + -1 + 12 + -65 + (-102 - -51)
-87
Evaluate -29 + -9 + (21 - -4) + (-19 - -14) + -4.
-22
What is the value of 8 + 5 + -2 + -4 + 18 + 13?
38
Calculate -16 + (-4 + (5 - -10) - -3 - 7) + 50.
41
(-12 - (-18 + 17)) + 25 + 19
33
What is -79 + -24 + 158 + -15?
40
Evaluate 1 + -2 + 16 + (-7 - 2) + -1.
5
Evaluate 3710 - 3785 - (1 - 108).
32
What is the value of (264 - 320) + 25 + 31?
0
Evaluate -65 - (-34 + (40 - 76)).
5
What is the value of -3 + (-3 - 45) + 1103 + -1110 - 11?
-69
Calculate 86 + (-34 + 18 - (-1 + -2)) - 16.
57
-12 + (10 - 7 - -5) + 3 + 32
31
Evaluate 1725 - 1774 - (-15 + (10 - 6)).
-38
Evaluate -30 + 46 + 10 + -35 - (-20 + -1).
12
What is the value of -89 + -6 - (-103 - -69)?
-61
Calculate (-43 - -44) + 0 + 36 - (2 + -8 - 6).
49
-14 - -41 - 35 - (-6 + -3 - -3)
-2
-55 + 0 + -84 + 29 + 5 + 1
-104
Evaluate -25 + (137 - 273) + 80.
-81
31 - (13 - -69 - (16 + 2))
-33
What is the value of -54 + 4 + 16 + (-13 - 7)?
-54
Calculate (-2 - -47) + (-389 - -399) + -29.
26
Evaluate (4 - (-65 - (-1 - 15))) + (1 - 1 - 4).
49
What is the value of (60 - (10 - (36 + -52))) + 46?
80
-7 - (-29 + 15 - -37)
-30
What is -42 + 20 + 0 + 1318 + -1331?
-35
What is the value of -1 + 3 - (-5076 - -5077)?
1
What is -36 - 5 - 8 - -68?
19
(-8 + (17 - 28) - -19) + (101 - -4) + -13
92
(-1 - -1 - (52 + -1)) + (18 - (-23 - -31))
-41
Evaluate -2 + (18 - 22) - (5 + 33).
-44
What is the value of 210 - (-54 - (-136 - 49))?
79
What is -15 - -23 - (1 - -11) - 3 - (2 - 59)?
50
What is the value of 47 + (19 - (36 + (-44 - -9)))?
65
-11 + -4 + 72 + -33 + 26
50
Calculate -25 - (23 - ((-63 - -38) + 22)).
-51
Calculate 39 + -64 + 31 - 9 - -12.
9
Evaluate 5 + (-78 + 79 - (6 - -1)) - (13 - -2).
-16
What is the value of -36 + 36 - (-3 + 8) - -4 - 68?
-69
(2363 - 2412) + (13 - 12 - (15 - (0 - -1)))
-62
What is the value of -114 - ((46 - 68) + -58)?
-34
What is the value of 12 + (-39 - (-5 - 81))?
59
What is the value of -5 + -9 + -7 + 28 - -17?
24
-5 + -1 + -13 + 12 - (-1 - (38 - 0))
32
Calculate -15 - (-17 + -11 + (10 - -36)).
-33
60 + 6 + -5 + -47
14
(5 - (-2 + 14)) + (-2 - 2 - -8 - -19)
16
What is the value of -8 + (6 - 4) - 36 - (2 + -7 + -2)?
-35
What is the value of 9 - -4 - (-6 + -2 + 65 + -23)?
-21
Evaluate -50 + (-21 - 0) + 2 + -3 + 1 + -7.
-78
Evaluate -10 + (0 - 8 - -7 - 1) - (3 - -84).
-99
Calculate (-10 + 13 + 4 - 14) + 14 + 3 + 31.
41
Evaluate -24 + (-25 + 45 - 14).
-18
Evaluate 8 + (7 - -3) + -15 + -11 + -1.
-9
What is (-10 + 81 - 26) + -46?
-1
What is the value of 2 + -9 + 1 - -4 - (-24 + 10 - 17)?
29
Calculate (3 + 2 - 3) + 4 - (59 + -66).
13
-44 + 32 - (58 - (-47 + 43 + (5 - 1)))
-70
Calculate -12 + (35 + -62 - -23).
-16
What is the value of (-721 - -807) + 12 + -62?
36
What is 12 + 1 - (10 - (-55 - -82))?
30
-11 + 2 + (15 - (-17 + 37)) + 5
-9
What is (-1 - 10) + (-44 - (-4 + 18 + -10 + -14))?
-45
Evaluate 10 - 4 - (-8 - -8) - 0 - 38.
-32
Calculate -14 + 3 + 9 + -1 + 9 + -73.
-67
Evaluate 16 + (15 - 18) - 20 - -21.
14
2 + 0 + -28 + (-19 - (16 + -52))
-9
Evaluate (41 - (-16 - -6)) + -74.
-23
What is -2 + -19 + 10 - -4 - 5 - -7?
-5
-24 + 0 + (12 - -5) - (-8 - (-26 + 4))
-21
Calculate 71 - (-27 - -35 - 1).
64
Evaluate 12 - -12 - (38 + -40) - 127.
-101
What is -19 + (3 - -12) - -16 - 13?
-1
(-33 - (45 - 28 - 59)) + 10
19
What is 52 + (1 - 17) + -41?
-5
Calculate 110 - 33 - (33 + (-4 - 21)).
69
Calculate -4 - (11 + (-15 - -29 - (2 - (86 + -8)))).
-105
Calculate (8 - (21 + (2 - 4))) + (28 - -2).
19
What is -57 + 24 + 11 - (-23 - 31)?
32
-39 + 51 + 0 - (40 + 1)
-29
What is 23 + (7 + -5 - 14) + -58 + -10?
-57
What is (-52 - -51) + -25 + 40 + -128?
-114
Evaluate (1 - 1) + 56 + (-305 - -319) - (3 - 11).
78
What is (2 - 73) + (6310 - 6225)?
14
Evaluate (18 - 42) + -3 + 16 + -9.
-20
What is -26625 - -26622 - (-102 + 2 - (4 - 2))?
99
What is (-59 - -5) + (-75 - -86) + 0 + 1?
-42
(-2 - (-1 + 15)) + (70 + -51 - (-27 + -24))
54
What is 124 - 135 - (11 + -66)?
44
Evaluate (9 + -19 - (4 + (-19 - -6)) - -11) + 38.
48
-45 - -67 - (4 + (-19 - 1))
38
What is the value of (-490 - -534) + (-2 - 4)?
38
66 - (-757 - -780 - (0 - -34))
77
Evaluate -49 + (-17 - -48 - -17).
-1
Calculate 1 + -74 + (-42 + (7 - -46) - 27).
-89
-7 + (-4414 - -4392) + 1 + 16 + 1
-11
Calculate (-7 - -85 - 12) + 13.
79
38 + (77 - 89 - (-3 + -2))
31
Evaluate 2 + 1 + 15 + 43 + -18.
43
Calculate 24 + -17 - (-4 + 1 + 11) - (3 + -2).
-2
Evaluate (-101 - 35 - -16) + 4 - ((-11 - 0) + -1).
-104
What is the value of -56 + (31 - -71) + -105?
-59
What is 3419 + -3412 + -48 + -1?
-42
What is -22 + (18 - 8) + -9 + (32 - 4)?
7
149 + (47 - 106) + -29
61
(-86 - -98) + (-71 - -109)
50
What is (9 - (6 + -5 + 9)) + -2 - (1 - -59)?
-63
What is 763 - 809 - (-3 - -1 - -18)?
-62
Calculate -19 + (0 - 102 - -14 - -3) + 0 + -1.
-105
Evaluate (-1 - 87) + (-6 + -5 - 6) + (-2 - -24).
-83
33 + (13 + 6 + 1 - 45)
8
What is the value of -4 + 29 + 4 + (33 - 80)?
-18
What is (-22 - -12 - 2) + -1?
-13
(11 - -2 - -1) + -7 + (-35 - -64 - 16)
20
Evaluate (0 - 36) + 2278 + -2271.
-29
0 + 48 - ((-8 - -5) + -6 + 13)
44
-25 + 19 + -29 - -97
62
Calculate 0 + -12 - (-47 + 13 - -27 - -10).
-15
What is the value of -9 + (14 + -22 - 32) + 16?
-33
Calculate 71 + -19 + (4 - (6 - 2)) - (-2 + 16).
38
What is the value of -8 - (-22 + -7 + 12) - (-46 + -1 - -3)?
53
What is (1 - -8) + 28 + 25 + (59 - 28)?
93
What is 33 + -1482 + 1406 + 43 + 0?
0
-12 + (6 - 4) - (-293 + 286)
-3
What is the value of 24 + -17 + (-21 + 42 - 89)?
-61
Evaluate (56 + 42 - 118) + (-1 - 5).
-26
What is the value of -46 + -30 + (39 - 27) + -21?
-85
Evaluate 16 + 22 + 43 + -25 + 9.
65
Evaluate 48 + 8 + -63 + (-33 - 11).
-51
What is the value of (-90 - -42) + -74 - -57?
-65
Calculate (-76 - -133) + -124 + 96.
29
What is 1 - (34 - 25) - 9 - -12?
-5
Evaluate -32 + (1 - 16 - -41) - 97.
-103
Calculate -6 + (-2 - (-18 + 12 - 15)).
13
What is -84 + -1 + 3 + 11 + (-4 - (16 + -9))?
-82
What is (-1 - -22 - (-332 + 351)) + (1 - 5 - -21)?
19
What is the value of (1 - 19) + (-12 + 1 - 84) - -4?
-109
What is 1 + 10 + (21 - (62 - (-19 + 36)))?
-13
Calculate 1988 - 1962 - (100 + -12 + 8).
-70
2 + 59 + (15 - (-62 + 30 - -31))
77
What is the value of -3767 + 3737 + 32 + (-1 - -1)?
2
What is the value of 1 - (13 + -6) - -12 - (20 + -4)?
-10
Calculate 5 + -54 - ((-43 - -17) + 0 + 8).
-31
Calculate 81 + (-74 - 30) + -35.
-58
-1 + 21 - ((27 + -51 - -19) + 15)
10
Calculate 12 + 8 - (17 - (14 - -5) - -8).
14
Evaluate (1 - -11) + 0 + (122 - 6) + -140.
-12
What is the value of -76 - ((1 + 6 - 4) + (10 + 22 - 33))?
-78
Calculate 45 + -44 + 44 + 55.
100
-22 - ((15 - 17) + 5 + 11)
-36
What is 101 + 0 + (5060 - 5052 - (1 + 28))?
80
Calculate -10 + 31 + -26 + 9 + -35.
-31
Evaluate -3 + 8 + -67 + 2 + (-14 - (22 + -39)).
-57
What is -48 + (50 - -89) + (42 - 33)?
100
Evaluate -101 + (13 - 6 - 2 - 11 - 4).
-111
Calculate (37 - 0 - 6) + (-1 - 4).
26
What is -356 - -310 - (-10 - ((-5 - -8) + -5))?
-38
Evaluate 155 + (12 - 47) + -27 - 7.
86
Evaluate -19 + (206 - 185 - (1 - -24)) - 13.
-36
Evaluate 828 + -831 - (28 - (-3 - -2) - -3).
-35
Evaluate -11 + (7 - (-4 - -3)) - ((44 - -11) + -14).
-44
What is the value of (19 - (30 + 6)) + 1 + 20?
4
-1 - -151 - (-200 + 317)
33
Calculate (-11 - -13) + (-34 - -88) + -18.
38
What is the value of (-100 - -85) + -1 + -8 + (-72 - -60)?
-36
Calculate -83 + 88 + 74 + 2.
81
Evaluate -47 + -1 - (-1046 + 1024).
-26
Calculate 68 + 2 + -92 + 57 + 29 + -7.
57
What is 3 - (2 + -4 + 0) - (29761 - 29821)?
65
Evaluate 1 + 23 + -81 + 30.
-27
Calculate -23 + 3 - (-22 - -12) - -8.
-2
-127 - ((-47 - -24 - -60) + -66)
-98
What is 37 - (79 + -47) - (4 + 1) - -2?
2
What is -24 - (-8 - (3 + (-8 - -10))) - -12 - -3?
4
Calculate -24 + (-8 - (-1 - (-12 + 15)) - 8).
-36
Evaluate 85 - (144 + -57) - -79.
77
Evaluate -7 - (-42 - -51 - (6 + 1 + 89)).
80
What is 31 + 19 - (-13 + 30 - -3)?
30
Calculate (246 - 239) + -2 + -16.
-11
Evaluate (-77 + 14 - -33) + (0 - -13).
-17
(25 - 14) + -52 + 19 + 88
66
What is 18 + (47 + -89 - 66) + (0 - 